{"id":7516,"date":"2023-02-13T22:35:07","date_gmt":"2023-02-13T22:35:07","guid":{"rendered":"https:\/\/leroux.qodeinteractive.com\/?page_id=7516"},"modified":"2024-08-01T22:08:36","modified_gmt":"2024-08-01T21:08:36","slug":"about-me","status":"publish","type":"page","link":"https:\/\/ibeess.org\/?page_id=7516","title":{"rendered":"Povijest instituta"},"content":{"rendered":"\t\t<div data-elementor-type=\"wp-page\" data-elementor-id=\"7516\" class=\"elementor elementor-7516\" data-elementor-post-type=\"page\">\n\t\t\t\t\t\t<section class=\"elementor-section elementor-top-section elementor-element elementor-element-418c0cf elementor-section-full_width elementor-reverse-mobile elementor-section-height-default elementor-section-height-default\" data-id=\"418c0cf\" data-element_type=\"section\" data-e-type=\"section\" data-settings=\"{&quot;background_background&quot;:&quot;classic&quot;}\">\n\t\t\t\t\t\t<div class=\"elementor-container elementor-column-gap-no\">\n\t\t\t\t\t<div class=\"elementor-column elementor-col-50 elementor-top-column elementor-element elementor-element-eb29b83\" data-id=\"eb29b83\" data-element_type=\"column\" data-e-type=\"column\" data-settings=\"{&quot;background_background&quot;:&quot;classic&quot;}\">\n\t\t\t<div class=\"elementor-widget-wrap\">\n\t\t\t\t\t\t\t<\/div>\n\t\t<\/div>\n\t\t\t\t<div class=\"elementor-column elementor-col-50 elementor-top-column elementor-element elementor-element-b63dc00\" data-id=\"b63dc00\" data-element_type=\"column\" data-e-type=\"column\">\n\t\t\t<div class=\"elementor-widget-wrap elementor-element-populated\">\n\t\t\t\t\t\t<div class=\"elementor-element elementor-element-5098425 elementor-widget elementor-widget-spacer\" data-id=\"5098425\" data-element_type=\"widget\" data-e-type=\"widget\" data-widget_type=\"spacer.default\">\n\t\t\t\t<div class=\"elementor-widget-container\">\n\t\t\t\t\t\t\t<div class=\"elementor-spacer\">\n\t\t\t<div class=\"elementor-spacer-inner\"><\/div>\n\t\t<\/div>\n\t\t\t\t\t\t<\/div>\n\t\t\t\t<\/div>\n\t\t\t\t\t<\/div>\n\t\t<\/div>\n\t\t\t\t\t<\/div>\n\t\t<\/section>\n\t\t\t\t<section class=\"elementor-section elementor-top-section elementor-element elementor-element-73d1c9a elementor-section-full_width qodef-elementor-content-grid elementor-section-height-default elementor-section-height-default\" data-id=\"73d1c9a\" data-element_type=\"section\" data-e-type=\"section\">\n\t\t\t\t\t\t<div class=\"elementor-container elementor-column-gap-no\">\n\t\t\t\t\t<div class=\"elementor-column elementor-col-100 elementor-top-column elementor-element elementor-element-31985ad\" data-id=\"31985ad\" data-element_type=\"column\" data-e-type=\"column\">\n\t\t\t<div class=\"elementor-widget-wrap elementor-element-populated\">\n\t\t\t\t\t\t<div class=\"elementor-element elementor-element-5c438b4 elementor-widget elementor-widget-leroux_core_section_title\" data-id=\"5c438b4\" data-element_type=\"widget\" data-e-type=\"widget\" data-widget_type=\"leroux_core_section_title.default\">\n\t\t\t\t<div class=\"elementor-widget-container\">\n\t\t\t\t\t<div class=\"qodef-shortcode qodef-m  qodef-section-title qodef-alignment--left \">\n\t\t<h2 class=\"qodef-m-title\" >\n\t\t\t\t\tPovijest Instituta\t\t\t<\/h2>\n\t<\/div>\n\t\t\t\t<\/div>\n\t\t\t\t<\/div>\n\t\t\t\t<div class=\"elementor-element elementor-element-8e164c4 elementor-widget elementor-widget-text-editor\" data-id=\"8e164c4\" data-element_type=\"widget\" data-e-type=\"widget\" data-widget_type=\"text-editor.default\">\n\t\t\t\t<div class=\"elementor-widget-container\">\n\t\t\t\t\t\t\t\t\t<p>Institut za poslovnu izvrsnost, poduzetni\u0161tvo i odr\u017eive sustave &#8211; IBEESS<\/p>\t\t\t\t\t\t\t\t<\/div>\n\t\t\t\t<\/div>\n\t\t\t\t\t<\/div>\n\t\t<\/div>\n\t\t\t\t\t<\/div>\n\t\t<\/section>\n\t\t\t\t<section class=\"elementor-section elementor-top-section elementor-element elementor-element-fdbcf05 elementor-section-full_width qodef-elementor-content-grid elementor-section-height-default elementor-section-height-default\" data-id=\"fdbcf05\" data-element_type=\"section\" data-e-type=\"section\">\n\t\t\t\t\t\t<div class=\"elementor-container elementor-column-gap-no\">\n\t\t\t\t\t<div class=\"elementor-column elementor-col-100 elementor-top-column elementor-element elementor-element-0d7c8d4\" data-id=\"0d7c8d4\" data-element_type=\"column\" data-e-type=\"column\">\n\t\t\t<div class=\"elementor-widget-wrap elementor-element-populated\">\n\t\t\t\t\t\t<div class=\"elementor-element elementor-element-7d5f34f elementor-widget elementor-widget-text-editor\" data-id=\"7d5f34f\" data-element_type=\"widget\" data-e-type=\"widget\" data-widget_type=\"text-editor.default\">\n\t\t\t\t<div class=\"elementor-widget-container\">\n\t\t\t\t\t\t\t\t\t<p>Institut je osnovala Obrazovna grupa Zrinski, te je pozitivnim rje\u0161enjem tada\u0161njeg Ministarstva znanosti, obrazovanja i sporta od 02.srpnja 2014. godine i registriran na Trgova\u010dkom sudu u Zagrebu u registru ustanova 07. kolovoza 2014. godine pod imenom Institut za obrazovanje za poduzetni\u0161tvo \u2013 Zrinski sa sjedi\u0161tem u Zagrebu, Selska cesta 119.<\/p><p>Registrirana temeljna djelatnost Instituta\u00a0 odnosila se na znanstvena i razvojna istra\u017eivanja u podru\u010dju dru\u0161tvenih znanosti s pripadaju\u0107im interdisciplinarnim znanstvenim podru\u010djima i posebnim naglaskom na obrazovanje za poduzetni\u0161tvo.<\/p><p>U svibnju 2016 godine mijenja ime u Institut za obrazovanje za poduzetni\u0161tvo \u2013 E4E, a 2017. godine osniva\u010dka prava prenose se na Educati grupu Zrinski d.o.o.<\/p><p>18.04.2024. osniva\u010dka prava preuzela je BEICO Grupa d.o.o. i promijenila naziv u Institut za poslovnu izvrsnost, poduzetni\u0161tvo i odr\u017eive sustave.<\/p><p>Tijekom dosada\u0161njeg djelovanja na \u010delu Instituta bili su Anton Florijan Bari\u0161i\u0107, Ivica Katavi\u0107, An\u0111elko Ka\u0161\u010del, Mihael Ple\u0107a\u0161, a od lipnja 2024. godine ravnateljica instituta je Doris So\u0161i\u0107 dipl.oec.<\/p>\t\t\t\t\t\t\t\t<\/div>\n\t\t\t\t<\/div>\n\t\t\t\t<div class=\"elementor-element elementor-element-8524b54 elementor-widget elementor-widget-leroux_core_vertical_timeline\" data-id=\"8524b54\" data-element_type=\"widget\" data-e-type=\"widget\" data-widget_type=\"leroux_core_vertical_timeline.default\">\n\t\t\t\t<div class=\"elementor-widget-container\">\n\t\t\t\t\t<div class=\"qodef-shortcode qodef-m  qodef-vertical-timeline qodef-layout--standard\">\n\t<div class=\"qodef-m-inner\">\n\t\t\t\t\t\t<div class=\"qodef-m-timeline-item\">\n\t\t\t\t\t<div class=\"qodef-m-left\">\n\t\t\t\t\t\t<h6 class=\"qodef-m-left-title\">\n\t\t\t\t\t\t\tOsnivanje\t\t\t\t\t\t<\/h6>\n\t\t\t\t\t\t<p class=\"qodef-m-left-subtitle\">\n\t\t\t\t\t\t\t2. srpnja 2014\t\t\t\t\t\t<\/p>\n\t\t\t\t\t<\/div>\n\t\t\t\t\t<div class=\"qodef-m-center\">\n\t\t\t\t\t\t<span class=\"qodef-m-dot\"><\/span>\n\t\t\t\t\t\t<span class=\"qodef-m-line\"><\/span>\n\t\t\t\t\t<\/div>\n\t\t\t\t\t<div class=\"qodef-m-right\">\n\t\t\t\t\t\t<h4 class=\"qodef-m-right-title\">\n\t\t\t\t\t\t\tInstitut - osnivanje\t\t\t\t\t\t<\/h4>\n\t\t\t\t\t\t<p class=\"qodef-m-right-text\">\n\t\t\t\t\t\t\tInstitut je osnovala Obrazovna grupa Zrinski, te je pozitivnim rje\u0161enjem tada\u0161njeg Ministarstva znanosti, obrazovanja i sporta od 02.srpnja 2014. godine i registriran na Trgova\u010dkom sudu u Zagrebu u registru ustanova 07. kolovoza 2014. godine pod imenom Institut za obrazovanje za poduzetni\u0161tvo \u2013 Zrinski sa sjedi\u0161tem u Zagrebu, Selska cesta 119.\t\t\t\t\t\t<\/p>\n\t\t\t\t\t<\/div>\n\t\t\t\t<\/div>\n\t\t\t\t\t\t\t<div class=\"qodef-m-timeline-item\">\n\t\t\t\t\t<div class=\"qodef-m-left\">\n\t\t\t\t\t\t<h6 class=\"qodef-m-left-title\">\n\t\t\t\t\t\t\tPromjena imena\t\t\t\t\t\t<\/h6>\n\t\t\t\t\t\t<p class=\"qodef-m-left-subtitle\">\n\t\t\t\t\t\t\tsvibanj 2016\t\t\t\t\t\t<\/p>\n\t\t\t\t\t<\/div>\n\t\t\t\t\t<div class=\"qodef-m-center\">\n\t\t\t\t\t\t<span class=\"qodef-m-dot\"><\/span>\n\t\t\t\t\t\t<span class=\"qodef-m-line\"><\/span>\n\t\t\t\t\t<\/div>\n\t\t\t\t\t<div class=\"qodef-m-right\">\n\t\t\t\t\t\t<h4 class=\"qodef-m-right-title\">\n\t\t\t\t\t\t\tNovo ime - Institut za obrazovanje i poduzetni\u0161tvo\t\t\t\t\t\t<\/h4>\n\t\t\t\t\t\t<p class=\"qodef-m-right-text\">\n\t\t\t\t\t\t\tU  svibnju 2016 godine mijenja ime u Institut za obrazovanje za poduzetni\u0161tvo \u2013 E4E, a 2017. godine osniva\u010dkih prava prenose se na Educati grupu Zrinski d.o.o.\t\t\t\t\t\t<\/p>\n\t\t\t\t\t<\/div>\n\t\t\t\t<\/div>\n\t\t\t\t\t\t\t<div class=\"qodef-m-timeline-item\">\n\t\t\t\t\t<div class=\"qodef-m-left\">\n\t\t\t\t\t\t<h6 class=\"qodef-m-left-title\">\n\t\t\t\t\t\t\tPromjena imena i osniva\u010dkih prava\t\t\t\t\t\t<\/h6>\n\t\t\t\t\t\t<p class=\"qodef-m-left-subtitle\">\n\t\t\t\t\t\t\t18. travnja 2024\t\t\t\t\t\t<\/p>\n\t\t\t\t\t<\/div>\n\t\t\t\t\t<div class=\"qodef-m-center\">\n\t\t\t\t\t\t<span class=\"qodef-m-dot\"><\/span>\n\t\t\t\t\t\t<span class=\"qodef-m-line\"><\/span>\n\t\t\t\t\t<\/div>\n\t\t\t\t\t<div class=\"qodef-m-right\">\n\t\t\t\t\t\t<h4 class=\"qodef-m-right-title\">\n\t\t\t\t\t\t\tNovo ime - Institut za poslovnu izvrsnost, poduzetni\u0161tvo i odr\u017eive sustave\t\t\t\t\t\t<\/h4>\n\t\t\t\t\t\t<p class=\"qodef-m-right-text\">\n\t\t\t\t\t\t\t18.04.2024. osniva\u010dka prava preuzela je BEICO Grupa d.o.o. i promijenila naziv u Institut za poslovnu izvrsnost, poduzetni\u0161tvo i odr\u017eive sustave.\n\nTijekom dosada\u0161njeg djelovanja na \u010delu Instituta bili su Anton Florijan Bari\u0161i\u0107, Ivica Katavi\u0107, An\u0111elko Ka\u0161\u010del, Mihael Ple\u0107a\u0161, a od lipnja 2024. godine ravnateljica instituta je Doris So\u0161i\u0107, dipl.oec.\t\t\t\t\t\t<\/p>\n\t\t\t\t\t<\/div>\n\t\t\t\t<\/div>\n\t\t\t\t<\/div>\n    <\/div>\n\t\t\t\t<\/div>\n\t\t\t\t<\/div>\n\t\t\t\t\t<\/div>\n\t\t<\/div>\n\t\t\t\t\t<\/div>\n\t\t<\/section>\n\t\t\t\t<\/div>\n\t\t","protected":false},"excerpt":{"rendered":"<p>Povijest Instituta Institut za poslovnu izvrsnost, poduzetni\u0161tvo i odr\u017eive sustave &#8211; IBEESS Institut je osnovala Obrazovna grupa Zrinski, te je pozitivnim rje\u0161enjem tada\u0161njeg Ministarstva znanosti, obrazovanja i sporta od 02.srpnja 2014. godine i registriran na Trgova\u010dkom sudu u Zagrebu u registru ustanova 07. kolovoza 2014. godine pod imenom Institut za obrazovanje za poduzetni\u0161tvo \u2013 Zrinski [&hellip;]<\/p>\n","protected":false},"author":2,"featured_media":0,"parent":0,"menu_order":0,"comment_status":"closed","ping_status":"closed","template":"page-full-width.php","meta":{"footnotes":""},"class_list":["post-7516","page","type-page","status-publish","hentry"],"_links":{"self":[{"href":"https:\/\/ibeess.org\/index.php?rest_route=\/wp\/v2\/pages\/7516","targetHints":{"allow":["GET"]}}],"collection":[{"href":"https:\/\/ibeess.org\/index.php?rest_route=\/wp\/v2\/pages"}],"about":[{"href":"https:\/\/ibeess.org\/index.php?rest_route=\/wp\/v2\/types\/page"}],"author":[{"embeddable":true,"href":"https:\/\/ibeess.org\/index.php?rest_route=\/wp\/v2\/users\/2"}],"replies":[{"embeddable":true,"href":"https:\/\/ibeess.org\/index.php?rest_route=%2Fwp%2Fv2%2Fcomments&post=7516"}],"version-history":[{"count":67,"href":"https:\/\/ibeess.org\/index.php?rest_route=\/wp\/v2\/pages\/7516\/revisions"}],"predecessor-version":[{"id":12127,"href":"https:\/\/ibeess.org\/index.php?rest_route=\/wp\/v2\/pages\/7516\/revisions\/12127"}],"wp:attachment":[{"href":"https:\/\/ibeess.org\/index.php?rest_route=%2Fwp%2Fv2%2Fmedia&parent=7516"}],"curies":[{"name":"wp","href":"https:\/\/api.w.org\/{rel}","templated":true}]}}